, 0 = 4*m - 20. What is the hundreds digit of q?
1
Let b(l) be the first derivative of l**4/4 - 7*l**3/3 + 9*l**2/2 + 9*l + 17. Let i be b(7). Suppose -2*f + i = -f. What is the tens digit of f?
7
Suppose -3*l + 118434 = 5*o, -o - 78982 = 43*l - 45*l. What is the thousands digit of l?
9
Let l(t) = -t**2 - t + 2. Let s = -41 - -42. Let n be l(s). Suppose -4 = 4*p, d - 27 = -n*d - 3*p. What is the units digit of d?
0
Suppose -4 = -2*i - 0*i + 3*b, 0 = 4*i + 5*b + 14. Let g(h) = 603*h**2 + 3*h + 3. What is the hundreds digit of g(i)?
6
Suppose 2*l + 0*w - 17 = w, 0 = 4*w + 20. Suppose 0 = r + 5*r - l. Let f(g) = 93*g**2 - g - 2. What is the tens digit of f(r)?
9
Let v = 1412 - -721. What is the tens digit of v?
3
Suppose -179*w - 1612840 = -8600105. What is the tens digit of w?
3
Let n = -331 + 340. What is the hundreds digit of 1 + 2604/(-6 + n)?
8
What is the units digit of (-14757)/(-9)*12 + -9?
7
Let u = -1204 + 7765. What is the hundreds digit of u?
5
Let w = 17738 - -746. What is the units digit of w?
4
Suppose 5*a - 6 = 5*b + 9, 4*b + 10 = 3*a. Let h be b/2*(-4 + 4) + 295. Suppose h + 135 = 5*c. What is the units digit of c?
6
What is the thousands digit of (45 - 124)*75/((-12)/4)?
1
Let z = 268 - 267. Let d(t) = 112*t - 2 + 4 + 1. What is the tens digit of d(z)?
1
Let r = -6119 + 12794. What is the tens digit of r?
7
Suppose 0 = -3293*w + 3306*w - 380211. What is the units digit of w?
7
Let v = -51182 - -88510. What is the thousands digit of v?
7
What is the tens digit of (-46*24/(-2484))/(0 - 4/(-155646))?
9
Let b = 4896 - 4130. What is the tens digit of b?
6
Let g(w) be the second derivative of -w**5/20 - 5*w**4/12 - w**3/2 + 1243*w**2/2 - 13*w + 2. What is the thousands digit of g(0)?
1
Let f be (-17 + (-5 - -4))/(4/(-82)). Suppose 4*g = -0*g - 3*x + 723, -2*g = -x - f. What is the units digit of g?
3
Let u be 0 + -1 + 15/3. Let l be -2 + 4 + 144 - -4. Suppose -l = -k - u*k. What is the tens digit of k?
3
Let p = 10836 - -690. What is the units digit of p?
6
Suppose -45*r + 3296552 = -23*r + 64*r. What is the ten thousands digit of r?
3
Let q(i) be the third derivative of -181*i**4/24 + 7*i**3 + 293*i**2. What is the units digit of q(-7)?
9
What is the hundreds digit of (-11 - -2)*-2043*8/12?
2
Let q(y) be the first derivative of -3*y**2/2 + 14*y + 15. Let w be q(4). Suppose -8*t + 792 = -w*t. What is the hundreds digit of t?
1
What is the thousands digit of 1/(0 + 1)*(6236 - -33)?
6
Suppose -5*w - 5*w - 80376 = -16*w. What is the hundreds digit of w?
3
What is the units digit of 0 + (2 - 9) - (0 + -1 + -8508)?
2
Let t(q) = q**2 + 11*q. Let l(x) = x**3 + 8*x**2 + 10*x - 1. Let f be l(-5). Suppose 6*m + 72 + f = 0. What is the units digit of t(m)?
0
Let b = 27 + -40. Let c(a) be the third derivative of -a**4/6 - 7*a**3/6 - 28*a**2. What is the units digit of c(b)?
5
Suppose 2*d - 1838 = -5*n, -2*n = n + 12. Suppose 4*x + 3*f = 1256, f = 5*x - 2*x - d. What is the units digit of x?
1
Let h be (-12 - -9 - -4*1) + 2679. Let z = h - 1254. What is the units digit of z?
6
Suppose -3*p + 6*p + 3*w = 3, -3*p = 5*w - 5. Let g be ((-688)/(1 - 5))/(1 + p). Suppose u + 3*u = g. What is the tens digit of u?
4
Suppose 11*x - 5*q + 115 = 9*x, 3*x + 138 = -4*q. What is the tens digit of (-32630)/x - (32/20 + -1)?
5
Let p = -69 - -62. What is the tens digit of (-5943)/p*(0 + 1)?
4
Let t(d) = -d**3 - 9*d**2 + 4*d - 10. Let z be t(-13). Suppose 208 = -2*c + z. Suppose -5*x + 237 + c = 0. What is the units digit of x?
8
Let w = 13348 + -9699. What is the thousands digit of w?
3
Suppose -1786*j - 2527650 = -1861*j. What is the units digit of j?
2
Let m(b) = -b**3 - 4*b**2 - 7*b - 7. Let g be (198/27)/(2/3). Suppose 0 = g*q - 7*q + 20. What is the units digit of m(q)?
3
Let f(n) = -5988*n**3 + 2*n**2 - 11*n - 13. What is the thousands digit of f(-1)?
5
Suppose 28 = 5*a - 3*g - 12, -2*a - 2*g = 0. Suppose -3*j - a*y = -798 - 1643, -y = j - 815. What is the hundreds digit of j?
8
Let u(t) = -3*t - 55. Let k(z) = 3*z + 55. Let w(s) = 6*k(s) + 5*u(s). Let l be w(-17). What is the hundreds digit of 503/l + (-2)/(-8)?
1
Suppose 17*j = 10*j. Suppose -5*a + 3*a + 10 = j, -x = a - 401. What is the units digit of x?
6
Let m(r) = -r**3 + r**2 + 2*r. Let v(w) = -w**3 - 2*w**2 + w + 2. Let x be v(-1). Let p be m(x). Suppose -41*c + 37*c + 60 = p. What is the units digit of c?
5
Let l = -760 - -762. What is the units digit of l?
2
Let a(v) = -v**2 - 2*v + 66. Let b be a(-9). Suppose -643 = -f + b*m, -2*f + 6*f - 5*m - 2607 = 0. What is the units digit of f?
8
Let h = 363 - 73. Suppose -w + h = -2*w. What is the units digit of 9/(-6)*w/15?
9
Let q(g) = -2*g**3 - 9*g**2. Suppose 21 = -4*c - 3*w, 2*w + 0 = 2. Let y be q(c). Suppose 2*j = 364 - y. What is the hundreds digit of j?
1
Suppose 690*t - 3*b + 51988 = 691*t, -4*t - b = -207952. What is the thousands digit of t?
1
Let p(y) = 3*y + 33. Suppose -3*q - a = 28, 0 = -q - 3*a + 4 - 0. Let b be p(q). Suppose b = 5*v - 2*x - 70, -2*v - 2 = -5*x - 51. What is the tens digit of v?
1
What is the thousands digit of (10 - -25423) + (-1)/5*(-4 - -4)?
5
Suppose -5*z = 14*p - 16*p + 5799, -5796 = -2*p + 4*z. What is the tens digit of p?
9
What is the units digit of (3861/715)/(1/1690)?
6
Suppose f + 7 = o + 4*f, 0 = -o + 4*f + 35. Suppose -18*m = -o*m. Suppose m = 5*s - 100 - 200. What is the units digit of s?
0
Let l be 30*(-3 - ((-85)/(-25))/(-1)). Suppose 3*k - l = 0, 8*o - 4*o = -k + 116. What is the tens digit of o?
2
Suppose 4*o = 3*c + 2645, 0 = -o - 6*c + 8*c + 665. What is the hundreds digit of o?
6
What is the ten thousands digit of (-2 + -8)*(-1)/(32/96432)?
3
Let p(s) = -2*s**2 - 9*s + 1. Let z be p(-5). Let u(i) = -19*i - 30. Let d be u(z). Let y = d - -38. What is the units digit of y?
4
Suppose -3*j + 2*t + 129257 = 0, 186*j - 215425 = 181*j + 4*t. What is the hundreds digit of j?
0
Let g(n) = -8*n + 376. Let u be g(45). Suppose -36*x = -u*x - 14280. What is the tens digit of x?
1
Let m(l) be the first derivative of 7*l**3/3 + 21*l**2/2 + 17*l - 40. Let f be m(10). Suppose -3*x - d = -f + 227, 8 = -4*d. What is the units digit of x?
4
Suppose -3*c + 2*g + 14 = 0, 4*c - 5*g = 2 + 19. Let f(x) = 2*x**3 + 2*x**2 + 10*x - 8. Let n be f(c). Suppose 14*l + n = 16*l. What is the tens digit of l?
9
Suppose -4*w + 2*a = -16, -2*w + 3*a = a - 10. Let c be (-1 + -5 + (w - 0))*-1. What is the tens digit of (36 - (-3 + 2))/(c - 2)?
3
Suppose o - 21451 = -34*o + 19884. What is the hundreds digit of o?
1
Let z(r) = 6*r + 39. Let t be z(-6). What is the hundreds digit of 98 + 3 - (t - 5)?
1
Suppose -c = -5*w - 5, 4*c - 2 = 2*w - 0. Let l be ((-15)/(-9))/w*-12. Let s = l - 13. What is the units digit of s?
7
Suppose 3*v - 60 = 3*z, 710*z - 712*z = 3*v + 45. Let q(f) = -7*f + 5. Let n(y) = 6*y - 6. Let k(t) = 4*n(t) + 5*q(t). What is the hundreds digit of k(z)?
2
Suppose 393136 = 2534*v - 2526*v. What is the ten thousands digit of v?
4
Suppose 42 = s - 27. Suppose c = m + 50, -26*c + 28*c + 3*m = 130. Let x = c + s. What is the units digit of x?
5
Let m = -808 + 8050. What is the tens digit of m?
4
Suppose -3*g + 30 - 3 = 4*x, x - g = -2. Suppose -2*n + x*y = -1087, -11*n + y + 2711 = -6*n. What is the units digit of n?
2
Let p(b) = -69*b**3 - 13*b**2 - 17*b + 71. What is the hundreds digit of p(-3)?
8
Let h(m) = 14*m - 113. Let u be h(6). Let f(s) = -s**2 - 57*s + 72. What is the units digit of f(u)?
4
Suppose 4*h = 0, -38*p + 42*p = -h + 38188. What is the units digit of p?
7
Let v(z) = -275*z - 774. What is the tens digit of v(-23)?
5
Let t(c) = 156*c**3 + 11*c**2 - 82*c - 9. What is the thousands digit of t(5)?
9
Suppose -3*a - 2*j = 9, -2*a = 3*a + j + 22. What is the tens digit of a/(-4) + (-933)/(-12)?
7
Let v = 66 - 21. Suppose v = k - 187. What is the units digit of k?
2
Let c(a) = -a**3 - 5*a**2 - 9*a + 1. Let r(l) = -l**2 - 7*l + 14. Suppose -y = -b + y - 3, -4*y = b + 21. Let h be r(b). What is the units digit of c(h)?
1
Suppose -5*a - 9 = -14*o + 12*o, -2*o + 18 = 4*a. Let j(d) = d**3 - 3*d - 4*d**2 - 13 + 3*d. What is the tens digit of j(o)?
3
Let y(r) = -2*r**3 - 8*r**2 + 19*r + 30. Let k be y(-11). Suppose -345 = -15*z + k. What is the units digit of z?
4
Let r = -37 + 32. Let p = 2 - r. What is the units digit of 